ulate the greatest common divisor of g and 3456.
128
Let l be (-11)/(44/(-336))*(1 - -5). Calculate the highest common divisor of l and 315.
63
Suppose -3*n - 9 = 3*m - 105, -n + 26 = 2*m. What is the greatest common factor of n and 2261?
19
Suppose -8*w + 13*w - 3900 = 0. Suppose 27*p = 17*p + w. What is the greatest common divisor of p and 52?
26
Suppose 3*w + 875 = 3*n - n, 4*w = -2*n + 854. Let u = n - 209. What is the greatest common factor of 14 and u?
14
Let p = -3013 + 3037. What is the greatest common divisor of p and 1092?
12
Suppose 3*o + 4 = -2*u, 2*o - 3*u = -28 + 8. Let a be 4/12*147 + (o - 0). What is the highest common factor of a and 18?
9
Let i(q) be the third derivative of 7*q**5/12 + q**4/8 + 2*q**3/3 + 28*q**2 - 1. Let b be i(-1). What is the greatest common factor of b and 4?
4
Suppose -4*i + b + 205 = 0, -36*b - 5 = -31*b. What is the greatest common factor of 7089 and i?
51
Let u be -3 + 18*(-6)/(-4). Let d be u + (-8)/((-40)/35). Calculate the greatest common divisor of d and 496.
31
Let b = 8897 + -8281. Calculate the highest common divisor of b and 2849.
77
Suppose -3*s + 36 + 87 = 0. Suppose -14*y + 164*y = -0*y - 5100. Let z = s + y. What is the highest common factor of z and 49?
7
Let x = -4281 + 4307. Calculate the highest common factor of x and 3146.
26
Let k = 7015 + -6457. What is the highest common factor of 54 and k?
18
Let g(q) = 2*q**2 + 44*q + 5. Let p be g(-22). Let y be 41 - (6 - p)*-1. Calculate the highest common factor of 12 and y.
6
Let p(o) = -o**3 - o**2 + 2*o. Let c be p(2). Let g = 9 - c. Suppose 25*k + 21*k - 3128 = 0. Calculate the greatest common factor of k and g.
17
Suppose 557 = -5*o - 358. Let n = -25 - o. Let t = n - -63. Calculate the highest common divisor of 17 and t.
17
Suppose -12666 = -5*u - 3*c, u - 13*c = -15*c + 2522. What is the highest common divisor of 144 and u?
18
Suppose 329 = 30*j - 361. Calculate the highest common factor of 5888 and j.
23
Suppose -40*z = -5305 - 3775. What is the highest common factor of 7 and z?
1
Let c be 192/40*(-1200)/(-32). Calculate the greatest common divisor of 126 and c.
18
Suppose 4*k = 3*c + 215, 0 = 5*k - 0*c - 2*c - 260. Let z = 27230 - 27220. Calculate the greatest common factor of k and z.
10
Suppose -12*x + 332 = 32. What is the greatest common factor of 355 and x?
5
Let p(x) = -13*x + 335. Let v be p(17). What is the greatest common divisor of v and 2432?
38
Let v(k) = 5*k**2 + 133*k - 260. Let c be v(-37). What is the greatest common factor of 52 and c?
52
Let f = 96 - 8. Let u be (-1)/(43 - (-2370)/(-55)). What is the highest common divisor of u and f?
11
Let u(j) = -j**2 - 19*j - 30. Let w = -122 - 36. Let y be w/(-20)*-2 + 4/(-20). Let b be u(y). What is the highest common divisor of 90 and b?
18
Let u be -14*(-10)/40 + 3/(-2). Suppose u = -4*g - 5*r + 245, -2*g + 121 = 3*r. What is the greatest common divisor of 434 and g?
62
Let z(t) = -4*t - 92. Let v be z(-18). Let w be (-6 + (-92)/v)*-95. What is the highest common factor of 19 and w?
19
Let t = 2824 + -2759. Calculate the greatest common divisor of 1105 and t.
65
Let y be ((-104)/(-130) - -3)/((-2)/(-30)). Calculate the greatest common divisor of y and 9.
3
Suppose -3*f - 2 = -2*c, 0 = 3*c - f + 6*f - 22. Let o be 19/(-4)*c*-1. Let a = 959 + -940. Calculate the highest common factor of o and a.
19
Suppose 0 = -0*y + 2*y + 4*q - 1186, -20 = -5*q. Let o = -387 + y. Let a(k) = 7*k**2 - 2*k + 18. Let v be a(0). What is the greatest common divisor of v and o?
18
Let l be (484/(-10))/(80/(-1200)). What is the highest common factor of l and 462?
66
Suppose 4*x - 41 = -5*g, 6*g = 3*x + 3*g - 24. Suppose -f - m = -17, -13*m = -10*m + x. What is the highest common factor of 220 and f?
20
Let q(o) = -494*o - 13710. Let k be q(-30). What is the highest common factor of k and 630?
30
Let s(a) = 5*a**2 + 17*a - 9. Suppose -37 + 2 = 5*d. Let b be s(d). Calculate the highest common factor of 39 and b.
39
Let b = 1173 + -429. Calculate the greatest common factor of 1364 and b.
124
Let r be (-9 + 4 + 3)*-1. Suppose 0 = 10*v - r*v - 2304. Suppose 2*f - 5*f = -v. Calculate the highest common divisor of 6 and f.
6
Suppose -66*k + 594 = -72*k. Let l = -77 - k. What is the highest common factor of 242 and l?
22
Let x be -824*5/2*(186 + -191). Calculate the greatest common divisor of 8 and x.
4
Suppose -4*g - 2*a = -106, 21 + 129 = 5*g - a. Let p(x) = 13*x + 26*x + g*x + 8 - 17*x. Let z be p(2). Calculate the highest common divisor of z and 22.
22
Let i(s) = 215*s**2 - 1187*s - 6. Let x be i(6). Calculate the highest common factor of x and 324.
36
Let m = -207 + 213. Let z be m/5*50/(-10)*-2. Calculate the greatest common factor of z and 3.
3
Let g(d) = 18 + 43*d**2 - 2*d**3 + 6 + 2*d**2 - 3*d**2. Let x be g(21). Calculate the highest common divisor of 56 and x.
8
Let i = 1044 + -1180. Let t be (-22)/187 - 21776/i. Let m be 114/7 + (-4)/14. What is the highest common factor of m and t?
16
Let m(n) = 5*n**2 - 43*n - 82. Let p = -458 - -456. Let k be m(p). What is the highest common factor of k and 2?
2
Let b be 190 - 0 - (28 - 58 - -32). Calculate the highest common divisor of 8 and b.
4
Let x(f) = 3503*f + 257. Let c be x(1). Calculate the highest common factor of c and 80.
80
Let k = 9412 + -8593. Calculate the highest common divisor of k and 1521.
117
Let s = 104 + -22. Suppose 4*q - 30 - s = 0. Let l = 50 - 22. What is the greatest common divisor of q and l?
28
Let v be (11 - 11)/1 + 0/2. Let p = v + 24. Calculate the highest common divisor of 24 and p.
24
Let p(m) = -2*m**2 + 9*m + 3. Let j be p(5). Let d be -2 + (-12)/j + 0. Let a be ((-6)/d)/((-21)/980). What is the highest common divisor of 7 and a?
7
Let i(p) = -8178*p**3 - 2*p**2 - 41*p - 39. Let a be i(-1). Calculate the highest common factor of 47 and a.
47
Let m = -53 - -52. Let t be 5/(-10)*0/m. Suppose 2*f + 4*b - 252 = t, 0 = 2*f - 2*b + 5*b - 254. What is the highest common divisor of f and 10?
10
Let d(i) = -i**3 + 6*i**2 + 27*i + 2. Let t be d(9). Suppose t*n = -4*z + 26, 7*n - 4*z = 6*n + 1. What is the highest common factor of n and 2?
1
Let x = 284 - 252. Suppose 4*n - 5*n + x = 0. Calculate the greatest common factor of n and 32.
32
Let a = 7401 - 7145. Calculate the highest common divisor of 56 and a.
8
Let o = 3887 - -3772. What is the highest common divisor of 74 and o?
37
Let g(a) be the third derivative of a**5/60 - a**4/2 - 29*a**3/3 - 46*a**2. Let b be g(22). Calculate the greatest common divisor of b and 12.
6
Let q(h) = 1724*h**2 + 34*h + 2. Let l be q(1). Calculate the greatest common factor of 396 and l.
44
Let m be (107 - 106)*(-772)/8*-198. What is the highest common divisor of m and 99?
99
Suppose 7*n - 359 = 145. Let o = 4 - 4. Suppose -5*t + 5*v + 40 = -o*v, -5*v + 16 = 2*t. What is the highest common divisor of t and n?
8
Suppose 3*f = -3*g + 795, -6*g = -4*f - 3*g + 1053. Let d be (7/(42/f))/1. Let c = 21 - 10. What is the greatest common factor of c and d?
11
Let p(k) = -k**2 + 21*k + 23. Suppose 4*b - 65 = 23. Let h be p(b). Let w be 6 + 4 - (3 - h). Calculate the highest common factor of 16 and w.
8
Suppose 0 = 3*x - 2*z - 194, -12*x + 13*x - 59 = -5*z. Calculate the highest common factor of 192 and x.
64
Suppose -h + 5*t + 12 = 0, 0*t - 20 = -5*t. Let w(q) = -q**3 + 76*q**2 - 1060*q - 31. Let y be w(57). Calculate the highest common factor of y and h.
32
Suppose -2*n + 14 = -26. Suppose -4*g - 34 = -50. Let p be 11/((-99)/(-60))*18/g. Calculate the highest common factor of n and p.
10
Suppose 0 = -14*b + 24*b - 20. Let n be (-60)/(-4)*(b + 20/(-12)). Let q = -2 + 3. What is the highest common divisor of q and n?
1
Let n(s) = -9*s**2 - 11. Let a be n(-3). Let k = 90 + a. Let l(m) = -3*m - 3. Let w be l(k). What is the highest common factor of w and 3?
3
Suppose 7*k - 6 + 34 = 0. Let o be (4 - 7)*k/6. Let s(c) = -2*c**2 - 8*c + 2. Let u be s(-4). Calculate the highest common factor of o and u.
2
Suppose 30*f - 3348 = -78*f. What is the greatest common divisor of f and 9?
1
Let p(w) = w**2 + 4*w. Let v be p(-4). Suppose v = 7*b - 5*b - 10. Suppose 702*q - 689*q - 260 = 0. What is the highest common divisor of q and b?
5
Let t be (-5)/((-75)/(-45)) - -119. What is the highest common factor of t and 1914?
5